).
-18
Let v(a) = -1089*a - 14865. Calculate v(-14).
381
Let z(g) = -10324*g + 41294. Determine z(4).
-2
Let k(j) = -2*j**3 + 1480*j**2 + 19587*j + 112. Give k(-13).
-5
Let h(x) = 3198*x + 31846. Calculate h(-10).
-134
Let q(y) = 4*y**3 + 666*y**2 - 350*y - 2694. Give q(-167).
-22
Let m(i) = 6195*i + 916846. Calculate m(-148).
-14
Let a(p) = p**3 - 64*p**2 - 362*p - 68. Calculate a(-5).
17
Let d(a) = -102*a**2 + 6956*a - 13908. What is d(2)?
-404
Let v(j) = 33147*j + 397772. What is v(-12)?
8
Let r(p) = -153*p + 6677. Give r(35).
1322
Let q(r) = 5*r**3 - 224*r**2 + 2366*r + 1013. Determine q(27).
14
Let q(l) = -4*l**3 - 55*l**2 + 6607*l + 86393. Calculate q(-13).
-5
Let p(d) = -7*d**3 - 139*d**2 + 50*d - 79. Calculate p(-20).
-679
Let y(a) = a**2 - 639*a - 9965. Calculate y(-15).
-155
Let a(m) = -282*m - 20863. What is a(-74)?
5
Let k(d) = 1717*d - 73836. Give k(43).
-5
Let j(f) = 4*f**2 - 7519*f + 59739. What is j(8)?
-157
Let m(c) = -34*c**2 - 1911*c - 2737. Calculate m(-55).
-482
Let l(q) = 9022*q - 9952. What is l(1)?
-930
Let m(p) = -3*p**3 + 37*p**2 + 121*p + 1. What is m(15)?
16
Let h(m) = 38*m**2 + 59*m - 1. Calculate h(-5).
654
Let a(j) = 7*j**2 - 5418*j - 134071. Determine a(798).
-7
Let h(m) = -15105*m + 90627. Give h(6).
-3
Let k(q) = -39*q**2 - 2403*q + 906. What is k(-62)?
-24
Let c(w) = -5289*w - 401896. Calculate c(-76).
68
Let n(w) = 55986*w - 1679583. Determine n(30).
-3
Let d(u) = -u**2 + 402*u - 4380. What is d(11)?
-79
Let f(b) = b**3 + 17*b**2 + 381*b + 8787. Determine f(-20).
-33
Let i(m) = m**2 - 629*m - 79914. What is i(-108)?
-318
Let f(d) = d**3 + 2*d**2 - 443*d - 922. Determine f(-21).
2
Let i(m) = -922*m - 23907. Determine i(-26).
65
Let n(c) = -2*c**2 - 66*c - 573. Determine n(-19).
-41
Let y(t) = 3312*t - 506730. Calculate y(153).
6
Let s(w) = 1388*w - 5834. Determine s(3).
-1670
Let m(n) = -2735*n + 38728. Give m(15).
-2297
Let r(o) = o**2 + 19828*o + 158572. What is r(-8)?
12
Let f(t) = -3922*t - 294155. Give f(-75).
-5
Let j(l) = 2*l**2 - 36251*l - 3718402. Determine j(-102).
8
Let n(p) = -2217425*p + 6. Calculate n(0).
6
Let b(i) = 9*i**3 + 11*i**2 - 18*i + 3. Give b(1).
5
Let a(l) = l**2 - 161*l - 2493. What is a(-14)?
-43
Let j(k) = -k**3 + 180*k**2 + 1096*k + 3713. Calculate j(186).
-7
Let i(l) = l**3 + 218*l**2 - 1134*l - 4254. Determine i(-223).
-17
Let h(x) = 3735*x + 41104. Calculate h(-11).
19
Let k(y) = -16*y**2 + 1006*y + 303. Determine k(63).
177
Let z(m) = -755763*m + 755800. Determine z(1).
37
Let d(v) = -7273*v - 501822. Determine d(-69).
15
Let t(j) = -7*j**3 + 269*j**2 + 100*j + 2036. Determine t(39).
-148
Let j(p) = 6647*p + 26731. Determine j(-4).
143
Let f(s) = -2*s**2 + 139357*s - 7519443. Calculate f(54).
3
Let x(i) = 38*i**3 + 420*i**2 + 90*i + 813. Give x(-11).
65
Let y(d) = -d**2 - 4043*d + 196810. Give y(48).
442
Let l(d) = -64*d**3 - 386*d**2 + 569*d + 3428. Give l(-6).
-58
Let n(b) = b**3 + 56*b**2 + 246*b - 88. Calculate n(-51).
371
Let c(r) = -r**3 + 331*r**2 - 8995*r - 9. Give c(30).
1041
Let p(w) = -324*w + 26249. What is p(81)?
5
Let v(s) = 322456*s + 644888. What is v(-2)?
-24
Let s(g) = -g**2 + 5223*g + 822553. What is s(-153)?
25
Let h(l) = -3*l**2 + 38*l + 105. Calculate h(-8).
-391
Let d(a) = 81673*a + 3185271. Calculate d(-39).
24
Let t(x) = 2549*x - 15713. Give t(6).
-419
Let v(j) = -33995*j + 883882. Give v(26).
12
Let s(w) = 48911*w - 684769. Give s(14).
-15
Let l(v) = 47*v**3 - 656*v**2 - 113*v + 1261. Determine l(14).
71
Let z(v) = v**2 - 79696*v + 239085. Give z(3).
6
Let g(v) = 25*v**2 - 190*v + 162. Give g(4).
-198
Let h(a) = 7*a**2 - 396*a + 200. Determine h(58).
780
Let r(s) = 25*s**2 - 509*s - 1528. Give r(-3).
224
Let v(y) = -26*y**2 - 559*y - 2650. Determine v(-7).
-11
Let k(f) = 165*f + 4307. Determine k(-24).
347
Let d(c) = 1358*c + 3752. Give d(-3).
-322
Let f(u) = -8*u**3 + u**2 + 23*u - 4. Give f(4).
-408
Let m(n) = 10*n**3 + 62*n**2 + 36*n + 167. Calculate m(-6).
23
Let x(w) = -3*w**3 - 22*w**2 - 6*w - 506. Determine x(-9).
-47
Let w(k) = 48464*k - 8238886. Calculate w(170).
-6
Let j(p) = -15*p**2 + 1173*p - 164. Calculate j(78).
70
Let s(z) = -1678*z - 139269. What is s(-83)?
5
Let r(n) = 995304*n - 143323778. Calculate r(144).
-2
Let m(v) = -302*v**2 - 10566*v + 97. Calculate m(-35).
-43
Let t(s) = s**2 + 47*s - 3552. Calculate t(39).
-198
Let d(u) = -2*u**3 - 29*u**2 + 2525*u + 41485. Give d(-17).
5
Let r(x) = 4247*x + 29196. Calculate r(-7).
-533
Let x(v) = 3*v**3 + 8*v + 332. Calculate x(0).
332
Let d(r) = -351*r + 60430. Calculate d(173).
-293
Let i(s) = -2291*s - 357401. Determine i(-156).
-5
Let l(z) = z**3 - 6*z**2 - 1905*z + 15089. Calculate l(8).
-23
Let c(p) = 7*p**2 - 86*p + 124. Determine c(11).
25
Let o(n) = 40*n**2 + 3596*n - 21556. What is o(6)?
1460
Let n(h) = 36*h**2 - 2643*h + 20870. What is n(9)?
-1
Let o(q) = 9*q**3 + 11*q**2 + 54*q + 11. Give o(-3).
-295
Let u(h) = -h**2 - 247*h - 10939. Determine u(-190).
-109
Let w(b) = b**2 - 27*b - 2106. What is w(-40)?
574
Let p(t) = t**3 - 15*t**2 + 16*t - 854. Give p(17).
-4
Let g(a) = a**3 + 109*a**2 + 446*a - 7736. Give g(-104).
-40
Let l(p) = -p**2 + 113810*p + 569068. What is l(-5)?
-7
Let n(t) = t**2 - 257*t - 31529. Calculate n(348).
139
Let m(l) = -4*l**2 - 19380*l - 11. What is m(0)?
-11
Let n(m) = -2931*m + 278368. Determine n(95).
-77
Let b(d) = 27*d**2 - 3635*d - 20280. Determine b(140).
20
Let y(n) = -155977*n + 1403892. Determine y(9).
99
Let h(c) = -1439*c - 94955. What is h(-66)?
19
Let c(s) = 273*s + 3094. Determine c(-17).
-1547
Let z(b) = -b**2 - 207*b - 9095. Determine z(-145).
-105
Let g(f) = -12445*f + 62276. What is g(5)?
51
Let v(c) = 174*c**2 - 1891*c - 18. What is v(11)?
235
Let q(g) = 27*g**3 - 424*g**2 - 163*g + 594. Give q(16).
34
Let t(o) = -3*o - 543. Calculate t(-8).
-519
Let x(n) = 2754*n - 2712701. Give x(985).
-11
Let o(s) = 3530*s - 614235. Calculate o(174).
-15
Let h(l) = 42216*l + 253293. Determine h(-6).
-3
Let k(v) = 5*v**2 + 1328*v - 476. Calculate k(-266).
56
Let d(x) = -64857*x + 1362081. Determine d(21).
84
Let j(l) = 2*l**3 - 702*l**2 + 42193*l + 42. Calculate j(77).
-189
Let x(m) = 626*m - 52580. What is x(84)?
4
Let v(l) = -l**3 + 257*l**2 - 5167*l - 626. Give v(235).
79
Let p(f) = 4*f**3 - 71*f**2 + 291*f - 1128. Give p(14).
6
Let j(q) = 9*q**3 - 15*q**2 - 62*q + 424. Give j(7).
2342
Let f(g) = 64449*g - 2191270. Determine f(34).
-4
Let k(u) = 2805*u**2 - 39272*u + 104. Calculate k(14).
76
Let v(c) = -3*c**3 - 188*c**2 - 357*c + 53. Determine v(-2).
39
Let y(q) = 2159*q - 114398. Give y(53).
29
Let j(x) = 4*x**3 + 71*x**2 - 134*x - 824. Determine j(-19).
-83
Let u(b) = b**2 - 174*b + 6491. Give u(116).
-237
Let w(z) = -2580*z + 67078. What is w(26)?
-2
Let o(m) = 1292*m + 150741. Give o(-117).
-423
Let r(i) = -3107*i + 149431. Calculate r(48).
295
Let l(s) = s**2 - 1830*s - 21911. What is l(-12)?
193
Let n(k) = 80*k - 1742. Calculate n(32).
818
Let x(s) = -2*s**3 - 3*s**2 - 37*s - 9. Give x(-4).
219
Let o(t) = 2523*t + 18004. Give o(-7).
343
Let f(z) = 2*z**2 - 25*z - 25. Determine f(12).
-37
Let d(b) = 3*b**3 + 262*b**2 - 181*b - 129. Calculate d(-88).
311
Let a(p) = -2*p**3 - 42*p**2 - 54*p - 423. Determine a(-20).
-143
Let y(r) = -5162*r - 4469. Calculate y(0).
-4469
Let m(z) = 2*z**3 + 7*z**2 - 547*z - 2652. Give m(-5).
8
Let h(p) = 87*p**3 + 2*p**2 - 7*p - 8. Calculate h(-1).
-86
Let q(m) = -195*m + 3780. Determine q(27).
-1485
Let z(g) = -1511*g**2 + 1273775*g - 1700. Give z(843).
-14
Let d(c) = -280*c**2 - 2443*c + 90. What is d(-9)?
-603
Let s(n) = -3*n**2 - 423*n - 97. Calculate s(-137).
1547
Let v(s) = -442*s + 8840. Give v(17).
1326
Let i(s) = 145*s - 14345. Determine i(98).
-135
Let d(l) = 321735*l - 1930408. Give d(6).
2
Let w(y) = -4469*y - 8823. Give w(-2).
115
Let c(w) = 197*w**3 + 3480*w - 3480. Determine c(1).
197
Let z(g) = 33767*g - 168837. What is z(5)?
-2
Let j(x) = 28*x**2 - 648*x - 707. Calculate j(24).
-131
Let j(g) = -11518*g - 67895. What is j(-6)?
1213
Let i(b) = 18775*b - 4092950. Calculate i(218).
0
Let r(o) = o**3 - 70*o**2 + 28159*o - 2037826. Give r(72).
-10
Let p(d) = -d**2 - 69*d - 389. Determine p(-63).
-11
Let n(r) = -281*r - 9818. Give n(-35).
17
Let l(h) = h**2 - 1837*h + 45292. Give l(25).
-8
Let r(s